{"id":804,"date":"2025-06-12T08:19:36","date_gmt":"2025-06-12T06:19:36","guid":{"rendered":"https:\/\/orchestredurhin.com\/?page_id=804"},"modified":"2026-03-27T00:30:26","modified_gmt":"2026-03-26T23:30:26","slug":"rejoindre-le-choeur-de-lorchestre-du-rhin","status":"publish","type":"page","link":"https:\/\/orchestredurhin.com\/index.php\/rejoindre-le-choeur-de-lorchestre-du-rhin\/","title":{"rendered":"Rejoindre le Ch\u0153ur de l&rsquo;Orchestre du Rhin"},"content":{"rendered":"\n<p>Le Ch\u0153ur de l\u2019Orchestre du Rhin est un ch\u0153ur ouvert \u00e0 des chanteurs ayant eu une exp\u00e9rience en ma\u00eetrise ou formation de chant dans un conservatoire, ou similaire. Il a \u00e9t\u00e9 cr\u00e9\u00e9 en septembre 2024. Il est amen\u00e9 \u00e0 se produire aux c\u00f4t\u00e9s de l\u2019Orchestre du Rhin mais \u00e9galement de fa\u00e7on autonome.<\/p>\n\n\n\n<p>La programmation artistique (r\u00e9p\u00e9titions, concerts, productions, d\u00e9placements) est d\u00e9finie&nbsp;avant chaque d\u00e9but de saison, facilitant l\u2019organisation des chanteurs.<\/p>\n\n\n\n<p>Pour la saison 2026\/2027 et dans l\u2019esprit de soutenir les membres de son choeur en voie de professionnalisation,\u00a0l\u2019association Orchestre du Rhin allie formation et r\u00e9mun\u00e9ration de prestations de concerts soutenus par des m\u00e9c\u00e8nes.<\/p>\n\n\n\n<p>Pour tout renseignement, envoyer un mail \u00e0&nbsp;<a href=\"mailto:regie@orchestredurhin.com\">regie@orchestredurhin.com<\/a>.<\/p>\n\n\n\n<figure class=\"wp-block-image size-large\"><img loading=\"lazy\" decoding=\"async\" width=\"1024\" height=\"732\" src=\"https:\/\/orchestredurhin.com\/wp-content\/uploads\/2025\/06\/IMG_8068-scaled-e1749975196647-1024x732.jpeg\" alt=\"\" class=\"wp-image-805\"\/><\/figure>\n","protected":false},"excerpt":{"rendered":"<p>Le Ch\u0153ur de l\u2019Orchestre du Rhin est un ch\u0153ur ouvert \u00e0 des chanteurs ayant eu une exp\u00e9rience en ma\u00eetrise ou formation de chant dans un conservatoire, ou similaire. Il a \u00e9t\u00e9 cr\u00e9\u00e9 en septembre 2024. Il est amen\u00e9 \u00e0 se produire aux c\u00f4t\u00e9s de l\u2019Orchestre du Rhin mais \u00e9galement de [&hellip;]<\/p>\n","protected":false},"author":2,"featured_media":0,"parent":0,"menu_order":0,"comment_status":"closed","ping_status":"closed","template":"","meta":{"footnotes":""},"class_list":["post-804","page","type-page","status-publish","hentry","clearfix"],"yoast_head":"<!-- This site is optimized with the Yoast SEO plugin v15.4 - https:\/\/yoast.com\/wordpress\/plugins\/seo\/ -->\n<title>Rejoindre le Ch\u0153ur de l&#039;Orchestre du Rhin - Orchestre du Rhin<\/title>\n<meta name=\"robots\" content=\"index, follow, max-snippet:-1, max-image-preview:large, max-video-preview:-1\" \/>\n<link rel=\"canonical\" href=\"https:\/\/orchestredurhin.com\/index.php\/rejoindre-le-choeur-de-lorchestre-du-rhin\/\" \/>\n<meta property=\"og:locale\" content=\"fr_FR\" \/>\n<meta property=\"og:type\" content=\"article\" \/>\n<meta property=\"og:title\" content=\"Rejoindre le Ch\u0153ur de l&#039;Orchestre du Rhin - Orchestre du Rhin\" \/>\n<meta property=\"og:description\" content=\"Le Ch\u0153ur de l\u2019Orchestre du Rhin est un ch\u0153ur ouvert \u00e0 des chanteurs ayant eu une exp\u00e9rience en ma\u00eetrise ou formation de chant dans un conservatoire, ou similaire. Il a \u00e9t\u00e9 cr\u00e9\u00e9 en septembre 2024. Il est amen\u00e9 \u00e0 se produire aux c\u00f4t\u00e9s de l\u2019Orchestre du Rhin mais \u00e9galement de [&hellip;]\" \/>\n<meta property=\"og:url\" content=\"https:\/\/orchestredurhin.com\/index.php\/rejoindre-le-choeur-de-lorchestre-du-rhin\/\" \/>\n<meta property=\"og:site_name\" content=\"Orchestre du Rhin\" \/>\n<meta property=\"article:publisher\" content=\"https:\/\/www.facebook.com\/orchestredurhin\" \/>\n<meta property=\"article:modified_time\" content=\"2026-03-26T23:30:26+00:00\" \/>\n<meta property=\"og:image\" content=\"https:\/\/orchestredurhin.com\/wp-content\/uploads\/2025\/06\/IMG_8068-scaled-e1749975196647-1024x732.jpeg\" \/>\n<meta name=\"twitter:card\" content=\"summary_large_image\" \/>\n<meta name=\"twitter:label1\" content=\"\u00c9crit par\">\n\t<meta name=\"twitter:data1\" content=\"Mireille Cassone\">\n\t<meta name=\"twitter:label2\" content=\"Dur\u00e9e de lecture est.\">\n\t<meta name=\"twitter:data2\" content=\"1 minute\">\n<script type=\"application\/ld+json\" class=\"yoast-schema-graph\">{\"@context\":\"https:\/\/schema.org\",\"@graph\":[{\"@type\":\"Organization\",\"@id\":\"https:\/\/orchestredurhin.com\/#organization\",\"name\":\"Orchestre du Rhin\",\"url\":\"https:\/\/orchestredurhin.com\/\",\"sameAs\":[\"https:\/\/www.facebook.com\/orchestredurhin\",\"https:\/\/www.instagram.com\/orchestredurhin\/\",\"https:\/\/www.youtube.com\/channel\/UCC__T-GDcLKvyaLm1QprZKQ\"],\"logo\":{\"@type\":\"ImageObject\",\"@id\":\"https:\/\/orchestredurhin.com\/#logo\",\"inLanguage\":\"fr-FR\",\"url\":\"https:\/\/orchestredurhin.com\/wp-content\/uploads\/2020\/11\/Logo-OR-bleu-sans-fond-carre-e1606343385974.png\",\"width\":249,\"height\":320,\"caption\":\"Orchestre du Rhin\"},\"image\":{\"@id\":\"https:\/\/orchestredurhin.com\/#logo\"}},{\"@type\":\"WebSite\",\"@id\":\"https:\/\/orchestredurhin.com\/#website\",\"url\":\"https:\/\/orchestredurhin.com\/\",\"name\":\"Orchestre du Rhin\",\"description\":\"\",\"publisher\":{\"@id\":\"https:\/\/orchestredurhin.com\/#organization\"},\"potentialAction\":[{\"@type\":\"SearchAction\",\"target\":\"https:\/\/orchestredurhin.com\/?s={search_term_string}\",\"query-input\":\"required name=search_term_string\"}],\"inLanguage\":\"fr-FR\"},{\"@type\":\"ImageObject\",\"@id\":\"https:\/\/orchestredurhin.com\/index.php\/rejoindre-le-choeur-de-lorchestre-du-rhin\/#primaryimage\",\"inLanguage\":\"fr-FR\",\"url\":\"https:\/\/orchestredurhin.com\/wp-content\/uploads\/2025\/06\/IMG_8068-scaled-e1749975196647-1024x732.jpeg\"},{\"@type\":\"WebPage\",\"@id\":\"https:\/\/orchestredurhin.com\/index.php\/rejoindre-le-choeur-de-lorchestre-du-rhin\/#webpage\",\"url\":\"https:\/\/orchestredurhin.com\/index.php\/rejoindre-le-choeur-de-lorchestre-du-rhin\/\",\"name\":\"Rejoindre le Ch\\u0153ur de l'Orchestre du Rhin - Orchestre du Rhin\",\"isPartOf\":{\"@id\":\"https:\/\/orchestredurhin.com\/#website\"},\"primaryImageOfPage\":{\"@id\":\"https:\/\/orchestredurhin.com\/index.php\/rejoindre-le-choeur-de-lorchestre-du-rhin\/#primaryimage\"},\"datePublished\":\"2025-06-12T06:19:36+00:00\",\"dateModified\":\"2026-03-26T23:30:26+00:00\",\"inLanguage\":\"fr-FR\",\"potentialAction\":[{\"@type\":\"ReadAction\",\"target\":[\"https:\/\/orchestredurhin.com\/index.php\/rejoindre-le-choeur-de-lorchestre-du-rhin\/\"]}]}]}<\/script>\n<!-- \/ Yoast SEO plugin. -->","_links":{"self":[{"href":"https:\/\/orchestredurhin.com\/index.php\/wp-json\/wp\/v2\/pages\/804"}],"collection":[{"href":"https:\/\/orchestredurhin.com\/index.php\/wp-json\/wp\/v2\/pages"}],"about":[{"href":"https:\/\/orchestredurhin.com\/index.php\/wp-json\/wp\/v2\/types\/page"}],"author":[{"embeddable":true,"href":"https:\/\/orchestredurhin.com\/index.php\/wp-json\/wp\/v2\/users\/2"}],"replies":[{"embeddable":true,"href":"https:\/\/orchestredurhin.com\/index.php\/wp-json\/wp\/v2\/comments?post=804"}],"version-history":[{"count":10,"href":"https:\/\/orchestredurhin.com\/index.php\/wp-json\/wp\/v2\/pages\/804\/revisions"}],"predecessor-version":[{"id":902,"href":"https:\/\/orchestredurhin.com\/index.php\/wp-json\/wp\/v2\/pages\/804\/revisions\/902"}],"wp:attachment":[{"href":"https:\/\/orchestredurhin.com\/index.php\/wp-json\/wp\/v2\/media?parent=804"}],"curies":[{"name":"wp","href":"https:\/\/api.w.org\/{rel}","templated":true}]}}