{"id":76,"date":"2020-11-22T02:05:32","date_gmt":"2020-11-22T01:05:32","guid":{"rendered":"http:\/\/posktxi.cluster030.hosting.ovh.net\/?page_id=76"},"modified":"2025-06-03T12:14:23","modified_gmt":"2025-06-03T10:14:23","slug":"lorchestre-du-rhin","status":"publish","type":"page","link":"https:\/\/orchestredurhin.com\/index.php\/lorchestre-du-rhin\/","title":{"rendered":"L&rsquo;Orchestre du Rhin"},"content":{"rendered":"\n<p>L\u2019Orchestre du Rhin est un ensemble orchestral professionnel \u00e0 double vocation : d\u2019une part, le d\u00e9veloppement avec excellence d\u2019un r\u00e9pertoire instrumental \u00e9clectique, d\u2019autre part, le dialogue avec des chanteurs professionnels ou amateurs .&nbsp;<\/p>\n\n\n\n<p>Fond\u00e9 en 2014 par Luciano Bibiloni, cet orchestre strasbourgeois s\u2019est donn\u00e9 pour mission le rayonnement de la musique autour du Rhin sup\u00e9rieur et au-del\u00e0.<\/p>\n\n\n\n<p>Au c\u0153ur de sa d\u00e9marche se trouve l\u2019interpr\u00e9tation au plus haut niveau, et avec fid\u00e9lit\u00e9 historique, des textes musicaux les plus populaires, des \u0153uvres baroques aux plus modernes, incluant celles injustement m\u00e9connues du grand public.&nbsp;<\/p>\n\n\n\n<p>Orchestre de chambre ou symphonique, sur instruments anciens ou modernes, il s\u2019ajuste aux besoins des diff\u00e9rentes productions avec aisance.&nbsp;L\u2019Orchestre se compose majoritairement des instrumentistes de l\u2019Orchestre Philharmonique de Strasbourg (OPS), garants d\u2019une excellence artistique et musicale, mais \u00e9galement de jeunes instrumentistes dipl\u00f4m\u00e9s de la Haute \u00e9cole des arts du Rhin (HEAR) de Strasbourg.&nbsp;<\/p>\n\n\n\n<p>Au fil du temps, un lien fort s\u2019est nou\u00e9 entre l\u2019Orchestre du Rhin et un certain nombre de ses instrumentistes, notamment au travers des concerts participatifs de grande envergure dont ils sont les partenaires privil\u00e9gi\u00e9s. Ces liens pr\u00e9cieux font de l\u2019Orchestre du Rhin un ensemble professionnel particuli\u00e8rement actif sur le territoire r\u00e9gional.<\/p>\n\n\n\n<p>L\u2019Orchestre du Rhin est l\u2019organisateur des concerts participatifs annuels \u201c<a href=\"http:\/\/www.chantez.eu\">A vos marques, pr\u00eats\u2026 chantez<\/a>\u201d<\/p>\n\n\n\n<figure class=\"wp-block-image alignwide size-large\"><img loading=\"lazy\" decoding=\"async\" width=\"1024\" height=\"483\" src=\"http:\/\/posktxi.cluster030.hosting.ovh.net\/wp-content\/uploads\/2020\/11\/Capture-decran-2020-11-25-a-18.31.08-2-e1606328241916-1024x483.jpg\" alt=\"\" class=\"wp-image-275\" srcset=\"https:\/\/orchestredurhin.com\/wp-content\/uploads\/2020\/11\/Capture-decran-2020-11-25-a-18.31.08-2-e1606328241916-1024x483.jpg 1024w, https:\/\/orchestredurhin.com\/wp-content\/uploads\/2020\/11\/Capture-decran-2020-11-25-a-18.31.08-2-e1606328241916-300x141.jpg 300w, https:\/\/orchestredurhin.com\/wp-content\/uploads\/2020\/11\/Capture-decran-2020-11-25-a-18.31.08-2-e1606328241916-768x362.jpg 768w, https:\/\/orchestredurhin.com\/wp-content\/uploads\/2020\/11\/Capture-decran-2020-11-25-a-18.31.08-2-e1606328241916-1536x724.jpg 1536w, https:\/\/orchestredurhin.com\/wp-content\/uploads\/2020\/11\/Capture-decran-2020-11-25-a-18.31.08-2-e1606328241916-2048x966.jpg 2048w, https:\/\/orchestredurhin.com\/wp-content\/uploads\/2020\/11\/Capture-decran-2020-11-25-a-18.31.08-2-e1606328241916-700x330.jpg 700w, https:\/\/orchestredurhin.com\/wp-content\/uploads\/2020\/11\/Capture-decran-2020-11-25-a-18.31.08-2-e1606328241916-520x245.jpg 520w, https:\/\/orchestredurhin.com\/wp-content\/uploads\/2020\/11\/Capture-decran-2020-11-25-a-18.31.08-2-e1606328241916-360x170.jpg 360w, https:\/\/orchestredurhin.com\/wp-content\/uploads\/2020\/11\/Capture-decran-2020-11-25-a-18.31.08-2-e1606328241916-250x118.jpg 250w, https:\/\/orchestredurhin.com\/wp-content\/uploads\/2020\/11\/Capture-decran-2020-11-25-a-18.31.08-2-e1606328241916-100x47.jpg 100w\" sizes=\"(max-width: 1024px) 100vw, 1024px\" \/><\/figure>\n","protected":false},"excerpt":{"rendered":"<p>L\u2019Orchestre du Rhin est un ensemble orchestral professionnel \u00e0 double vocation : d\u2019une part, le d\u00e9veloppement avec excellence d\u2019un r\u00e9pertoire instrumental \u00e9clectique, d\u2019autre part, le dialogue avec des chanteurs professionnels ou amateurs .&nbsp; Fond\u00e9 en 2014 par Luciano Bibiloni, cet orchestre strasbourgeois s\u2019est donn\u00e9 pour mission le rayonnement de la [&hellip;]<\/p>\n","protected":false},"author":1,"featured_media":0,"parent":0,"menu_order":0,"comment_status":"closed","ping_status":"closed","template":"","meta":{"footnotes":""},"class_list":["post-76","page","type-page","status-publish","hentry","clearfix"],"yoast_head":"<!-- This site is optimized with the Yoast SEO plugin v15.4 - https:\/\/yoast.com\/wordpress\/plugins\/seo\/ -->\n<title>L&#039;Orchestre du Rhin - Orchestre du Rhin<\/title>\n<meta name=\"robots\" content=\"index, follow, max-snippet:-1, max-image-preview:large, max-video-preview:-1\" \/>\n<link rel=\"canonical\" href=\"https:\/\/orchestredurhin.com\/index.php\/lorchestre-du-rhin\/\" \/>\n<meta property=\"og:locale\" content=\"fr_FR\" \/>\n<meta property=\"og:type\" content=\"article\" \/>\n<meta property=\"og:title\" content=\"L&#039;Orchestre du Rhin - Orchestre du Rhin\" \/>\n<meta property=\"og:description\" content=\"L\u2019Orchestre du Rhin est un ensemble orchestral professionnel \u00e0 double vocation : d\u2019une part, le d\u00e9veloppement avec excellence d\u2019un r\u00e9pertoire instrumental \u00e9clectique, d\u2019autre part, le dialogue avec des chanteurs professionnels ou amateurs .&nbsp; Fond\u00e9 en 2014 par Luciano Bibiloni, cet orchestre strasbourgeois s\u2019est donn\u00e9 pour mission le rayonnement de la [&hellip;]\" \/>\n<meta property=\"og:url\" content=\"https:\/\/orchestredurhin.com\/index.php\/lorchestre-du-rhin\/\" \/>\n<meta property=\"og:site_name\" content=\"Orchestre du Rhin\" \/>\n<meta property=\"article:publisher\" content=\"https:\/\/www.facebook.com\/orchestredurhin\" \/>\n<meta property=\"article:modified_time\" content=\"2025-06-03T10:14:23+00:00\" \/>\n<meta property=\"og:image\" content=\"http:\/\/posktxi.cluster030.hosting.ovh.net\/wp-content\/uploads\/2020\/11\/Capture-decran-2020-11-25-a-18.31.08-2-e1606328241916-1024x483.jpg\" \/>\n<meta name=\"twitter:card\" content=\"summary_large_image\" \/>\n<meta name=\"twitter:label1\" content=\"\u00c9crit par\">\n\t<meta name=\"twitter:data1\" content=\"admin3716\">\n\t<meta name=\"twitter:label2\" content=\"Dur\u00e9e de lecture est.\">\n\t<meta name=\"twitter:data2\" content=\"1 minute\">\n<script type=\"application\/ld+json\" class=\"yoast-schema-graph\">{\"@context\":\"https:\/\/schema.org\",\"@graph\":[{\"@type\":\"Organization\",\"@id\":\"https:\/\/orchestredurhin.com\/#organization\",\"name\":\"Orchestre du Rhin\",\"url\":\"https:\/\/orchestredurhin.com\/\",\"sameAs\":[\"https:\/\/www.facebook.com\/orchestredurhin\",\"https:\/\/www.instagram.com\/orchestredurhin\/\",\"https:\/\/www.youtube.com\/channel\/UCC__T-GDcLKvyaLm1QprZKQ\"],\"logo\":{\"@type\":\"ImageObject\",\"@id\":\"https:\/\/orchestredurhin.com\/#logo\",\"inLanguage\":\"fr-FR\",\"url\":\"https:\/\/orchestredurhin.com\/wp-content\/uploads\/2020\/11\/Logo-OR-bleu-sans-fond-carre-e1606343385974.png\",\"width\":249,\"height\":320,\"caption\":\"Orchestre du Rhin\"},\"image\":{\"@id\":\"https:\/\/orchestredurhin.com\/#logo\"}},{\"@type\":\"WebSite\",\"@id\":\"https:\/\/orchestredurhin.com\/#website\",\"url\":\"https:\/\/orchestredurhin.com\/\",\"name\":\"Orchestre du Rhin\",\"description\":\"\",\"publisher\":{\"@id\":\"https:\/\/orchestredurhin.com\/#organization\"},\"potentialAction\":[{\"@type\":\"SearchAction\",\"target\":\"https:\/\/orchestredurhin.com\/?s={search_term_string}\",\"query-input\":\"required name=search_term_string\"}],\"inLanguage\":\"fr-FR\"},{\"@type\":\"ImageObject\",\"@id\":\"https:\/\/orchestredurhin.com\/index.php\/lorchestre-du-rhin\/#primaryimage\",\"inLanguage\":\"fr-FR\",\"url\":\"http:\/\/posktxi.cluster030.hosting.ovh.net\/wp-content\/uploads\/2020\/11\/Capture-decran-2020-11-25-a-18.31.08-2-e1606328241916-1024x483.jpg\"},{\"@type\":\"WebPage\",\"@id\":\"https:\/\/orchestredurhin.com\/index.php\/lorchestre-du-rhin\/#webpage\",\"url\":\"https:\/\/orchestredurhin.com\/index.php\/lorchestre-du-rhin\/\",\"name\":\"L'Orchestre du Rhin - Orchestre du Rhin\",\"isPartOf\":{\"@id\":\"https:\/\/orchestredurhin.com\/#website\"},\"primaryImageOfPage\":{\"@id\":\"https:\/\/orchestredurhin.com\/index.php\/lorchestre-du-rhin\/#primaryimage\"},\"datePublished\":\"2020-11-22T01:05:32+00:00\",\"dateModified\":\"2025-06-03T10:14:23+00:00\",\"inLanguage\":\"fr-FR\",\"potentialAction\":[{\"@type\":\"ReadAction\",\"target\":[\"https:\/\/orchestredurhin.com\/index.php\/lorchestre-du-rhin\/\"]}]}]}<\/script>\n<!-- \/ Yoast SEO plugin. -->","_links":{"self":[{"href":"https:\/\/orchestredurhin.com\/index.php\/wp-json\/wp\/v2\/pages\/76"}],"collection":[{"href":"https:\/\/orchestredurhin.com\/index.php\/wp-json\/wp\/v2\/pages"}],"about":[{"href":"https:\/\/orchestredurhin.com\/index.php\/wp-json\/wp\/v2\/types\/page"}],"author":[{"embeddable":true,"href":"https:\/\/orchestredurhin.com\/index.php\/wp-json\/wp\/v2\/users\/1"}],"replies":[{"embeddable":true,"href":"https:\/\/orchestredurhin.com\/index.php\/wp-json\/wp\/v2\/comments?post=76"}],"version-history":[{"count":10,"href":"https:\/\/orchestredurhin.com\/index.php\/wp-json\/wp\/v2\/pages\/76\/revisions"}],"predecessor-version":[{"id":332,"href":"https:\/\/orchestredurhin.com\/index.php\/wp-json\/wp\/v2\/pages\/76\/revisions\/332"}],"wp:attachment":[{"href":"https:\/\/orchestredurhin.com\/index.php\/wp-json\/wp\/v2\/media?parent=76"}],"curies":[{"name":"wp","href":"https:\/\/api.w.org\/{rel}","templated":true}]}}